ate the highest common factor of r and 16.
16
Suppose 236*n - 251*n = -825. Calculate the greatest common factor of 5 and n.
5
Let w(l) = -l**2 - 12*l + 15. Let t(x) = -x**3 + 5*x**2 - 12. Let g be t(5). Let u be w(g). Calculate the highest common factor of u and 6.
3
Suppose 134*t - 290 = 105*t. Calculate the highest common factor of t and 110.
10
Suppose -3*b = -f + 32, 4*f + 2 = -4*b + 50. Calculate the highest common divisor of f and 1.
1
Let n(w) = 359*w**2 - 5*w + 3. Let s be n(1). Calculate the highest common factor of 21 and s.
21
Let b(t) = -3*t - 15. Let d be b(-6). Suppose -4*a + 1 = -4*w + 5, 3 = -d*a. Suppose 8*v - 11*v + 135 = w. What is the highest common factor of v and 18?
9
Let x(q) = -q + 8. Suppose -4*r = -2*z - 0*z + 32, -z = -4*r - 28. Let v be 42/(-9)*9/r. Let c be x(v). What is the highest common factor of 9 and c?
1
Suppose 2*r - 8 - 16 = 4*o, -r - 2*o = 8. Suppose -r*v - v + 204 = 0. Suppose -v = -p + 94. Calculate the greatest common factor of 18 and p.
18
Let j be 20/35 - 3201/(-21). What is the greatest common divisor of 27 and j?
9
Let m be (0 - -153)/3 + 0. Let p(g) = -g**3 - 5*g**2 - g - 25. Let b be p(-6). What is the greatest common factor of m and b?
17
Suppose 2*x - 70 = -3*x. Let r be (-1296)/(-63) - (-6)/x. Calculate the highest common factor of r and 3.
3
Let t(c) = 153*c**2 - 3*c - 4. Let y be t(2). Calculate the greatest common divisor of y and 344.
86
Let x(n) = 7*n**2 + n + 3. Let t be x(-4). Let z = t + -15. Let a(c) = -c**3 + 5*c**2 - c. Let q be a(4). What is the greatest common divisor of q and z?
12
Let k(y) = 14*y - 1. Let n be k(-2). Let w = -14 - n. Calculate the highest common divisor of w and 3.
3
Let h(p) = 19*p - 54. Let q be h(3). Suppose 2*z + 1 = 3*w, q - 9 = -2*w - 4*z. Let i = 1 + 0. Calculate the greatest common factor of w and i.
1
Let a(c) = -c - 7. Let x be (-7)/14 + (-42)/4. Let j be a(x). Suppose 7*q - 2*q + j*y = 43, 5*q = 3*y + 64. Calculate the greatest common factor of q and 11.
11
Let g be (-18)/(-10) - (-3)/15. Let c be 2/(-3) + 11/3. Suppose -c*b = -4*p + 58, -18 = -g*p - 3*b - b. What is the greatest common factor of 13 and p?
13
Let i = -648 + 675. What is the highest common factor of 63 and i?
9
Let w = 13691 - 13659. Let z be 1/(2/(-256)*-1). What is the greatest common divisor of z and w?
32
Suppose -2*l - 20 = -4*w, 2*l + 15 + 8 = 5*w. Suppose -3*s + 1589 = w*t + 392, s - 408 = -4*t. Calculate the greatest common divisor of s and 36.
36
Let p(o) be the first derivative of 7*o**2/2 + 17*o + 16. Let u be p(9). Calculate the greatest common factor of 20 and u.
20
Let r(w) = w**2 + 0 + 0*w + 8*w + 1. Let d be r(-9). Suppose 5*m + 3*g = m + 154, 3*m + 3*g - 114 = 0. What is the highest common factor of m and d?
10
Let z(y) = -5 + 0*y**3 - 9*y**2 - 4 - y**2 + 6*y - y**3. Let h be z(-11). Let m = -24 + h. What is the highest common factor of 110 and m?
22
Let v be 22/(-77) + (-2)/(14/(-233)). Calculate the highest common divisor of v and 407.
11
Let h = -40 - -51. Suppose 4*x - h = -3*a, -x - 2*a + 4 = -0*x. Calculate the greatest common divisor of 8 and x.
2
Let s = 765 - 723. What is the highest common divisor of 112 and s?
14
Suppose 0 = 3*t - 4*d - 580, 182 = t + 3*d - 7. Calculate the greatest common factor of 24 and t.
24
Suppose 10*b = -5*p + 5*b + 80, -4*b = -p + 6. Let z = -199 + 339. Suppose 2*o + 2*o - z = 0. What is the highest common divisor of p and o?
7
Suppose 12 + 28 = 5*i. Let m = -4 + i. Let r(o) = -588*o + 5302. Let q be r(9). What is the highest common factor of m and q?
2
Let v(x) = -x**2 - 6*x - 3. Let m be v(-12). Suppose -l - 25 = 5*t + 4*l, 5*t + 43 = 4*l. Let o be t/(35/m)*1. Calculate the greatest common factor of o and 3.
3
Suppose -4*s + 2*b = -2*s - 76, 316 = 8*s - 5*b. What is the greatest common factor of s and 602?
14
Suppose 0 = -5*p + 170 + 130. Suppose 4*t - 66 = 94. Suppose -o = -0*o - t. What is the greatest common factor of p and o?
20
Suppose 92*n = 97*n - 1530. Calculate the highest common divisor of 17 and n.
17
Suppose -48*c + 2432 = 28*c. What is the greatest common factor of 688 and c?
16
Suppose -6*c + 11*c - 15 = 0. Calculate the greatest common divisor of 9 and c.
3
Suppose 2*j - 360 = -0*j. Let k = -225 + 129. Let a = j + k. Calculate the greatest common divisor of a and 21.
21
Suppose -p + 20 = -0*p - 4*m, 0 = 4*p - m - 65. Let s(o) = -20*o - p + 16. Let n be s(-3). Calculate the greatest common factor of 15 and n.
15
Let n(l) = -158*l - 3. Let x be n(-2). Suppose -2*t + x = -t. Suppose 0 = 2*a - t + 49. Calculate the highest common factor of 12 and a.
12
Let p be (2 - 14/10)*(30 + 10). What is the highest common divisor of 15 and p?
3
Let k = -724 + 1424. Calculate the highest common factor of 28 and k.
28
Let s(r) = -r**3 + 12*r**2 - 8*r + 17. Let c be s(6). Suppose 2*i + 115 = 2*b + b, 80 = 2*b - 3*i. Calculate the greatest common divisor of b and c.
37
Let a(u) = -u**3 - 8*u**2 + 11*u - 14. Let j(h) = -h**3 - 3*h**2 + h - 7. Let y be j(-3). Let d be a(y). What is the greatest common divisor of 19 and d?
19
Suppose 4*l - 258 = 3*m, 80 = -l - 5*m + 179. Suppose 0*n - 69 = -3*n. Calculate the greatest common factor of n and l.
23
Let y = 79 + -21. Suppose -5*v - 5*w + 5 = 0, -5*v = -4*w + 2 - 7. Let n be 1/(2/292) - v. What is the greatest common factor of n and y?
29
Let k be -34 - -32 - (0/1 + -234). What is the highest common factor of k and 56?
8
Let a = -144 + -13. Let d = 242 + a. What is the greatest common divisor of d and 17?
17
Let v be 2/(-4)*(6 - 35 - -11). Suppose -4 = -q - 2, 36 = -5*d + 3*q. Let t = d - -42. What is the greatest common factor of v and t?
9
Suppose -54*y = -44669 + 9137. Calculate the greatest common factor of y and 28.
14
Let s = -207 + 309. Calculate the greatest common divisor of 459 and s.
51
Let t be (-15404)/(-40) - 7/70. What is the highest common divisor of 77 and t?
77
Suppose -2*b + 3 = -b. Suppose 7*s + 20 = 2*s. Let l be (s/(-8))/(b/54). Calculate the highest common factor of l and 9.
9
Let t = 495 - 231. Calculate the highest common factor of t and 24.
24
Suppose -7*u = 5*s - 2*u - 175, -5*s = -4*u - 139. Calculate the greatest common factor of s and 2077.
31
Suppose 3*f = 4*f + 13. Let o = 14 - f. What is the greatest common divisor of 243 and o?
27
Let x(j) = 9*j**3 - 3*j**2 + 3. Let a be x(1). What is the greatest common divisor of a and 18?
9
Let t be (1 - (6 + -1))*1/(-1). Suppose 0 = -4*k + p + 50, 0 = -k - t*p + 9 + 12. Calculate the highest common factor of 13 and k.
13
Suppose 5*s - 506 = 44. Let x(n) = n. Let w be x(0). Let y be 13 + (-3 - w/(-2)). What is the highest common factor of s and y?
10
Let g = -24 + 120. What is the greatest common factor of 18 and g?
6
Let i be -27*(2 - 8/3). Suppose -23 = -14*j + 19. Suppose 0 = -r - j*r + 48. What is the highest common divisor of i and r?
6
Suppose 1 = 4*v - 11. Suppose -2*j + 300 = v*c, 0*c - c + 95 = -j. Let x = 1525 + -1511. What is the greatest common factor of c and x?
14
Let n(k) = 15*k**2 - 3*k - 2. Let y be n(-1). Suppose 15*a = y*a - 182. Calculate the greatest common factor of a and 26.
26
Let v = -42 + 73. Let z be 30/(-6)*(-8)/(-5). Let n(y) = -27*y + 1. Let t be n(z). What is the greatest common divisor of t and v?
31
Let u(k) = -2*k**3 + 20*k**2 - 17*k + 13. Let o be u(9). Calculate the highest common divisor of 11 and o.
11
Suppose -c + 4*c = l - 10, 86 = 3*l + 5*c. Let j = -225 + 335. What is the highest common factor of j and l?
22
Let h be 960/68 - (-22)/(-187). What is the highest common divisor of h and 350?
14
Suppose c = h - 3, -28*h - 2*c - 27 = -33*h. Calculate the greatest common factor of h and 35.
7
Suppose -5*g = -10*i + 5*i - 300, 213 = 4*g + 5*i. What is the highest common factor of 1083 and g?
57
Let o be (-13 - -7)/(0 - 2). Suppose 0 = -d + o + 14. Let t be (d - (-6)/(-2)) + -2. Calculate the highest common divisor of t and 8.
4
Let b(y) = -38*y - 13. Let s(z) = 19*z + 7. Let k(g) = 2*b(g) + 5*s(g). Let p be k(5). Calculate the highest common factor of 13 and p.
13
Let x = 70 + 95. Suppose 2*h + 5*f = -117, 2*h + x = -h + 3*f. Let v = 209 + h. What is the greatest common divisor of 17 and v?
17
Let x(g) = 10*g**2 - 5*g + 2 - 5*g**2 + 4*g + 13*g**2. Let r be x(-1). Calculate the greates